 and 5.
5
Calculate the highest common divisor of 23189207 and 391.
17
Calculate the highest common factor of 709800 and 12744.
24
Calculate the greatest common factor of 2642516 and 22034.
46
Calculate the highest common factor of 187353 and 6682.
257
What is the greatest common factor of 27728 and 642943?
1733
What is the greatest common divisor of 9120 and 337342416?
912
Calculate the highest common factor of 230656 and 176.
16
Calculate the greatest common divisor of 1848 and 20816796.
924
What is the highest common factor of 306 and 53563311?
153
Calculate the highest common factor of 1722440 and 204.
68
What is the greatest common divisor of 164505 and 38520?
15
What is the highest common factor of 95 and 15122290?
95
Calculate the greatest common factor of 2270 and 52318733.
227
What is the highest common factor of 3449559 and 12737?
271
Calculate the highest common factor of 1325 and 6356449.
53
What is the highest common factor of 142 and 1737796?
142
Calculate the highest common factor of 2176 and 1588072.
136
What is the highest common divisor of 20880468 and 1008?
252
What is the highest common factor of 22044544 and 384?
128
What is the highest common factor of 300505780 and 20?
20
Calculate the highest common divisor of 782 and 3094561.
17
What is the greatest common factor of 1212181 and 513?
19
What is the highest common factor of 107156 and 1567608?
1204
Calculate the greatest common divisor of 4238 and 979630.
326
Calculate the highest common factor of 464 and 152659828.
116
Calculate the highest common divisor of 225216 and 282969.
207
What is the greatest common divisor of 736096 and 1852?
4
What is the highest common divisor of 8257 and 229954?
23
What is the greatest common factor of 19779 and 29969349?
1041
Calculate the greatest common factor of 67956645 and 5.
5
Calculate the highest common divisor of 5772132 and 144.
36
Calculate the highest common factor of 164459 and 47401.
107
Calculate the highest common divisor of 10068 and 3360195.
2517
What is the greatest common factor of 7830 and 3434400?
270
Calculate the greatest common divisor of 15562404 and 2340.
468
Calculate the greatest common factor of 18561 and 1213728.
807
Calculate the greatest common factor of 35105490 and 3024.
126
Calculate the greatest common divisor of 313788 and 30968.
316
What is the highest common factor of 96 and 10315168?
32
What is the greatest common divisor of 8981 and 11893?
7
Calculate the greatest common divisor of 336316 and 2692554.
2026
Calculate the greatest common divisor of 5787 and 16214531.
643
What is the highest common factor of 311940 and 18945?
45
What is the greatest common factor of 49889666 and 8682?
2894
Calculate the highest common factor of 4104496 and 3088.
16
What is the greatest common factor of 4080 and 65127952?
272
Calculate the greatest common factor of 475504 and 6441.
113
What is the greatest common divisor of 1329945 and 285?
15
Calculate the greatest common factor of 86334 and 31578.
6
What is the highest common factor of 649785 and 6585?
15
Calculate the highest common divisor of 15687952 and 560.
112
What is the greatest common divisor of 12965850 and 100?
50
What is the greatest common divisor of 2999472 and 39184?
1264
What is the highest common divisor of 18 and 4296750?
6
What is the highest common factor of 170382 and 59568?
438
What is the greatest common factor of 12208355 and 1520?
95
What is the highest common factor of 4745147 and 44?
11
Calculate the highest common divisor of 17428772 and 738.
82
What is the highest common factor of 528 and 1129152?
48
Calculate the highest common divisor of 183757 and 8267.
7
Calculate the greatest common divisor of 1129270 and 80.
10
Calculate the highest common divisor of 7490 and 173830916.
1498
What is the greatest common factor of 50868 and 293119?
157
Calculate the highest common divisor of 18977582 and 10.
2
What is the highest common divisor of 165991 and 782621?
161
What is the highest common factor of 136792 and 24?
8
Calculate the highest common divisor of 267083370 and 12620.
6310
Calculate the greatest common divisor of 8658 and 742248.
234
Calculate the highest common divisor of 34818352 and 128.
16
Calculate the highest common factor of 240 and 90456144.
48
Calculate the highest common factor of 163122 and 5425.
31
Calculate the greatest common divisor of 177936 and 27192.
264
Calculate the greatest common divisor of 809053 and 64001.
287
Calculate the highest common factor of 5062312 and 3064.
8
Calculate the highest common divisor of 3156375 and 275025.
1425
Calculate the highest common factor of 13594 and 1571078.
1942
Calculate the greatest common factor of 59649 and 782514.
1011
What is the highest common divisor of 53801 and 26280?
73
What is the greatest common factor of 7 and 18473503?
1
What is the highest common factor of 5448 and 39237?
3
What is the highest common factor of 4786 and 322428034?
4786
Calculate the greatest common factor of 94625 and 87119345.
3785
Calculate the greatest common divisor of 4425066170 and 34.
34
Calculate the highest common factor of 52284408 and 22.
22
What is the highest common divisor of 493910 and 750?
10
Calculate the highest common divisor of 59553 and 51471.
9
What is the greatest common divisor of 152 and 728152?
8
What is the highest common factor of 3500 and 842275?
175
What is the greatest common factor of 41987 and 2299?
121
What is the highest common factor of 261137 and 323?
17
Calculate the highest common factor of 284182518 and 140709.
8277
What is the greatest common factor of 1863 and 37862802?
81
What is the greatest common divisor of 7367 and 217353?
53
What is the highest common factor of 1865 and 257095?
5
What is the greatest common factor of 7288829 and 122?
61
What is the highest common divisor of 1610070 and 442595?
3485
What is the greatest common divisor of 875 and 205483810?
35
Calculate the greatest common factor of 84 and 76109866.
14
What is the greatest common divisor of 16586560 and 480?
160
What is the greatest common factor of 20475 and 1962324?
819
What is the greatest common factor of 4502224 and 1504?
752
What is the highest common divisor of 4509 and 1616727?
501
Calculate the greatest common divisor of 1288637 and 2128.
133
Calculate the greatest common divisor of 1503624540 and 3036.
3036
What is the highest common divisor of 21344 and 746304?
736
What is the highest common divisor of 92607219 and 675?
27
What is the highest common factor of 1248024 and 1971152?
2792
What is the greatest common divisor of 50966 and 221986?
34
What is the highest common factor of 3316000 and 1120?
160
Calculate the highest common divisor of 808 and 471556577.
101
Calculate the greatest common factor of 1510906 and 26425.
151
What is the greatest common divisor of 10176 and 16338840?
1272
What is the greatest common factor of 21840 and 5061840?
1680
What is the highest common divisor of 4833385 and 25?
5
Calculate the greatest common divisor of 205 and 9731755.
5
What is the highest common factor of 62906421 and 22224?
1389
Calculate the highest common factor of 677010 and 66.
6
Calculate the highest common factor of 57186 and 2912274.
162
Calculate the greatest common divisor of 168457020 and 10.
10
Calculate the greatest common factor of 276477 and 311697.
1761
What is the greatest common factor of 180866 and 9478?
14
Calculate the highest common divisor of 178709 and 11448739.
1033
Calculate the highest common factor of 185967 and 2448.
9
Calculate the highest common divisor of 128 and 260345280.
64
What is the greatest common divisor of 88436 and 2258?
2
What is the highest common factor of 6878 and 74233?
19
What is the highest common divisor of 2203256 and 3212?
44
What is the highest common factor of 1918 and 1421243754?
1918
What is the highest common factor of 3367083 and 202011?
699
Calculate the greatest common factor of 555066912 and 49780.
9956
What is the highest common divisor of 1252500 and 100868?
668
What is the highest common divisor of 1851215365 and 505?
505
Calculate the highest common factor of 1445494 and 582.
194
Calculate the greatest common divisor of 14765891 and 48580.
2429
What is the highest common divisor of 121260203 and 501?
167
Calculate t